5 (base 8) to base 5
140
What is 0 (base 7) in base 11?
0
What is 20 (base 6) in base 10?
12
What is -100001 (base 2) in base 4?
-201
25 (base 6) to base 8
21
Convert 46 (base 7) to base 2.
100010
Convert -16 (base 8) to base 4.
-32
0 (base 15) to base 8
0
What is 1152 (base 6) in base 2?
100011100
-24 (base 5) to base 12
-12
23 (base 14) to base 2
11111
-35 (base 7) to base 13
-20
-11211 (base 4) to base 11
-2a5
Convert -8 (base 16) to base 12.
-8
113 (base 9) to base 16
5d
What is -106 (base 13) in base 11?
-14a
1 (base 4) to base 7
1
Convert 1221 (base 3) to base 13.
40
-102 (base 6) to base 10
-38
What is 2 (base 6) in base 13?
2
130 (base 4) to base 15
1d
Convert 159 (base 10) to base 14.
b5
What is 47 (base 13) in base 3?
2012
Convert 1c (base 14) to base 9.
28
-23 (base 4) to base 2
-1011
What is 34 (base 8) in base 5?
103
What is 20 (base 8) in base 11?
15
Convert 12 (base 7) to base 4.
21
What is 21 (base 8) in base 6?
25
-421 (base 7) to base 16
-d3
Convert 2d (base 14) to base 10.
41
What is -2 (base 13) in base 16?
-2
2210 (base 4) to base 6
432
323 (base 7) to base 10
164
Convert 24 (base 9) to base 5.
42
Convert -5 (base 6) to base 9.
-5
What is -5 (base 8) in base 14?
-5
What is -16 (base 15) in base 16?
-15
What is 50 (base 6) in base 2?
11110
Convert 4 (base 13) to base 10.
4
What is 52 (base 11) in base 3?
2010
What is 2212 (base 3) in base 10?
77
Convert 100101 (base 2) to base 13.
2b
Convert -3 (base 13) to base 6.
-3
Convert -2 (base 14) to base 11.
-2
Convert 2 (base 10) to base 5.
2
Convert -4 (base 14) to base 13.
-4
What is -6 (base 15) in base 5?
-11
What is 0 (base 4) in base 15?
0
What is 1111101 (base 2) in base 8?
175
125 (base 6) to base 12
45
0 (base 3) to base 8
0
What is 13 (base 8) in base 14?
b
What is -36 (base 10) in base 11?
-33
What is -48 (base 10) in base 7?
-66
-28 (base 14) to base 15
-26
-10 (base 3) to base 7
-3
20 (base 3) to base 7
6
22 (base 6) to base 9
15
Convert -51 (base 8) to base 9.
-45
What is -1000 (base 2) in base 5?
-13
What is -201 (base 3) in base 11?
-18
Convert 27 (base 8) to base 16.
17
What is 0 (base 4) in base 12?
0
Convert 103 (base 4) to base 16.
13
-1 (base 16) to base 2
-1
Convert 1014 (base 5) to base 8.
206
What is 15 (base 8) in base 9?
14
Convert -51 (base 11) to base 13.
-44
What is 38 (base 12) in base 9?
48
What is 4 (base 9) in base 15?
4
Convert 0 (base 16) to base 4.
0
Convert -20 (base 15) to base 12.
-26
What is 1110 (base 4) in base 2?
1010100
What is -1b0 (base 13) in base 5?
-2222
-11 (base 5) to base 3
-20
-74 (base 16) to base 14
-84
What is -68 (base 15) in base 3?
-10122
1110 (base 3) to base 14
2b
Convert -100011111 (base 2) to base 11.
-241
What is 20 (base 6) in base 11?
11
What is -56 (base 10) in base 6?
-132
-1000111 (base 2) to base 9
-78
Convert -37 (base 16) to base 9.
-61
Convert 1011011 (base 2) to base 14.
67
-21 (base 12) to base 6
-41
Convert -22 (base 16) to base 11.
-31
-10 (base 8) to base 16
-8
Convert -25 (base 9) to base 15.
-18
What is 7 (base 9) in base 3?
21
Convert -2 (base 14) to base 10.
-2
What is 277 (base 10) in base 7?
544
What is -9 (base 10) in base 3?
-100
0 (base 6) to base 4
0
10 (base 3) to base 11
3
What is 6 (base 11) in base 6?
10
What is 100 (base 8) in base 2?
1000000
What is 142 (base 8) in base 15?
68
Convert -134 (base 5) to base 8.
-54
What is -11c (base 16) in base 2?
-100011100
What is 3332 (base 4) in base 15?
11e
Convert 10 (base 5) to base 11.
5
Convert 22 (base 11) to base 16.
18
Convert 104 (base 6) to base 5.
130
Convert -21100 (base 3) to base 10.
-198
Convert -28 (base 13) to base 15.
-24
210 (base 6) to base 13
60
What is 2443 (base 5) in base 8?
565
Convert -2 (base 7) to base 3.
-2
11 (base 5) to base 3
20
-1010 (base 2) to base 14
-a
-9 (base 15) to base 3
-100
-6 (base 11) to base 13
-6
What is 128 (base 10) in base 14?
92
213 (base 7) to base 14
7a
What is -33 (base 11) in base 15?
-26
aa (base 12) to base 9
154
-1 (base 16) to base 10
-1
10000 (base 3) to base 15
56
130 (base 7) to base 2
1000110
Convert -332 (base 6) to base 2.
-10000000
Convert 101 (base 4) to base 2.
10001
What is -4 (base 7) in base 12?
-4
What is -13 (base 14) in base 3?
-122
What is 5 (base 7) in base 6?
5
Convert 146 (base 8) to base 16.
66
Convert 6 (base 7) to base 10.
6
Convert 0 (base 13) to base 15.
0
What is -2c (base 15) in base 12?
-36
Convert -38 (base 11) to base 2.
-101001
What is -3 (base 9) in base 6?
-3
-3 (base 14) to base 4
-3
1 (base 13) to base 12
1
Convert 175 (base 10) to base 14.
c7
-123 (base 5) to base 11
-35
What is 10022 (base 3) in base 10?
89
-c5 (base 16) to base 10
-197
What is -100 (base 2) in base 10?
-4
Convert -27 (base 10) to base 14.
-1d
Convert -42 (base 5) to base 8.
-26
What is -14 (base 15) in base 12?
-17
Convert -4 (base 14) to base 5.
-4
What is -2300 (base 5) in base 10?
-325
What is 21 (base 8) in base 5?
32
Convert -61 (base 15) to base 4.
-1123
Convert 1d (base 15) to base 10.
28
What is 254 (base 7) in base 14?
9b
1 (base 11) to base 6
1
-1 (base 16) to base 13
-1
What is -10 (base 12) in base 5?
-22
107 (base 12) to base 14
ab
11011 (base 2) to base 14
1d
16 (base 7) to base 4
31
What is 11 (base 2) in base 6?
3
Convert 60 (base 7) to base 4.
222
What is 59 (base 16) in base 10?
89
What is -53 (base 9) in base 12?
-40
What is 4 (base 15) in base 14?
4
5 (base 12) to base 15
5
-7 (base 9) to base 10
-7
Convert -14 (base 15) to base 11.
-18
18 (base 15) to base 5
43
Convert -5 (base 12) to base 6.
-5
Convert 4 (base 11) to base 15.
4
14 (base 12) to base 14
12
Convert -109 (base 15) to base 12.
-176
-2020 (base 4) to base 15
-91
Convert 42 (base 9) to base 11.
35
Convert -100011 (base 2) to base 7.
-50
-56 (base 14) to base 13
-5b
What is 5 (base 8) in base 15?
5
What is -101 (base 2) in base 7?
-5
Convert 40 (base 16) to base 5.
224
-9a (base 15) to base 4
-2101
0 (base 5) to base 12
0
What is 77 (base 12) in base 14?
67
What is 4 (base 16) in base 15?
4
5 (base 15) to base 16
5
-5 (base 14) to base 10
-5
-59 (base 15) to base 16
-54
Convert -3 (base 8) to base 10.
-3
What is 220 (base 3) in base 11?
22
What is 12 (base 3) in base 10?
5
2 (base 6) to base 7
2
Convert -bf (base 16) to base 3.
-21002
What is -1 (base 15) in base 12?
-1
What is -1 (base 13) in base 14?
-1
What is -20221 (base 3) in base 7?
-355
Convert -76 (base 15) to base 13.
-87
Convert -10 (base 2) to base 13.
-2
33 (base 15) to base 4
300
-11000001 (base 2) to base 3
-21011
What is -102 (base 13) in base 5?
-1141
What is -1 (base 16) in base 11?
-1
Convert 211 (base 3) to base 5.
42
1000100 (base 2) to base 14
4c
-78 (base 14) to base 9
-127
What is -1011 (base 3) in base 7?
-43
What is 192 (base 16) in base 13?
24c
67 (base 16) to base 12
87
Convert -38 (base 13) to base 15.
-32
-8 (base 16) to base 13
-8
-21 (base 13) to base 14
-1d
-12 (base 3) to base 11
-5
-40 (base 13) to base 10
-52
-10200 (base 3) to base 11
-90
0 (base 9) to base 7
0
-2010 (base 3) to base 14
-41
Convert -45 (base 6) to base 10.
-29
Convert 133 (base 4) to base 7.
43
Convert 2021 (base 4) to base 10.
137
-3 (base 16) to base 6
-3
0 (base 7) to base 8
0
Convert -3 (base 4) to base 11.
-3
-2 (base 16) to base 15
-2
What is -17 (base 15) in base 10?
-22
Convert 29 (base 13) to base 10.
35
-210 (base 3) to base 14
-17
What is -20 (base 8) in base 14?
-12
What is 1 (base 6) in base 3?
1
What is 48 (base 9) in base 2?
101100
e (base 16) to base 3
112
What is -11 (base 3) in base 11?
-4
-441 (base 5) to base 7
-232
27 (base 15) to base 3
1101
70 (base 10) to base 14
50
-122 (base 15) to base 2
-100000001
17 (base 9) to base 2
10000
Convert -11 (base 3) to base 6.
-4
What is -25 (base 15) in base 7?
-50
-112 (base 5) to base 3
-1012
Convert e2 (base 16) to base 14.
122
-12 (base 9) to base 13
-b
142 (base 6) to base 8
76
3 (base 14) to base 11
3
What is -42 (base 6) in base 13?
-20
Convert 441 (base 5) to base 16.
79
-c (base 15) to base 16
-c
What is 38 (base 13) in base 4?
233
What is 12 (base 4) in base 2?
110
1 (base 2) to base 11
1
-94 (base 12) to base 10
-112
-13 (base 7) to base 12
-a
Convert 2020 (base 5) to base 8.
404
Convert 0 (base 14) to base 12.
0
-23 (base 4) to base 16
-b
Convert -7 (base 13) to base 7.
-10
b (base 1